5514?
102625513
In base 15, what is -2 - -1c4aa68?
1c4aa66
In base 2, what is 11 - 11011110000011011110010111?
-11011110000011011110010100
In base 11, what is 5 - -78577a?
785784
In base 12, what is 173 - 18b810?
-18b659
In base 15, what is -d19b - 400?
-d59b
In base 6, what is -10 - -152435422?
152435412
In base 10, what is -786086 - -14?
-786072
In base 14, what is -2cb - -b761?
b474
In base 6, what is -1134 - 44215?
-45353
In base 11, what is 4 + -17536a28?
-17536a24
In base 15, what is -12c83dab + 0?
-12c83dab
In base 4, what is -30 + 311130202023?
311130201333
In base 16, what is -70b0f5f + -4?
-70b0f63
In base 14, what is 2 - -2c921d6?
2c921d8
In base 16, what is 28 + -fac00f?
-fabfe7
In base 5, what is 1030103004343 - 1?
1030103004342
In base 3, what is 2112 + 2120101220?
2120111102
In base 2, what is -1011110100001110011101 - 1111?
-1011110100001110101100
In base 15, what is -3c25 + -227?
-3e4c
In base 6, what is -100 - -1430455?
1430355
In base 5, what is -1243 + -220104031?
-220110324
In base 13, what is b - 4351c9b?
-4351c90
In base 7, what is -105014360 + -360?
-105015050
In base 9, what is 12075 - 5412?
5563
In base 15, what is 815d + 333?
8491
In base 9, what is -126435 + -448?
-126884
In base 4, what is -133 - -323030133?
323030000
In base 8, what is 5 - 266641626?
-266641621
In base 14, what is -1863d73 + -1?
-1863d74
In base 2, what is -1101 - -101001111101111010100100?
101001111101111010010111
In base 16, what is -d04718 + -5?
-d0471d
In base 11, what is 1777 + 115816?
117492
In base 5, what is -302232 + 34333?
-212344
In base 10, what is 137031 - 1044?
135987
In base 16, what is 4 + -17d9062?
-17d905e
In base 5, what is 1044212 - -4310?
1104022
In base 4, what is -2 - 12210310110?
-12210310112
In base 8, what is -53 + 1035032?
1034757
In base 2, what is -1111001110001010000111 - 101?
-1111001110001010001100
In base 15, what is -361dc4 - 25?
-361de9
In base 12, what is 388 + -74a7?
-711b
In base 14, what is -20db874 - -5?
-20db86d
In base 5, what is -10102123404 + 2?
-10102123402
In base 15, what is 8 + 4aa88?
4aa91
In base 11, what is 83a5754 + 44?
83a5798
In base 13, what is 25607 - -42?
25649
In base 15, what is 123b34 + 2?
123b36
In base 14, what is 124 + -a12c?
-a008
In base 10, what is 112 + -78434?
-78322
In base 2, what is 11111 + -111110011101001100?
-111110011100101101
In base 15, what is 5 + -b3905d?
-b39058
In base 5, what is -2113402410102 + -10?
-2113402410112
In base 12, what is -2b1b3269 + 4?
-2b1b3265
In base 11, what is 1 + -56a83861?
-56a83860
In base 2, what is -101100011000011 - 1100101000?
-101101111101011
In base 7, what is 15 + -16155466?
-16155451
In base 16, what is a0a5c - -a3?
a0aff
In base 8, what is -12360577 - 107?
-12360706
In base 13, what is 1 - -26a42b5?
26a42b6
In base 14, what is 2b2 - -104ab?
1077d
In base 3, what is 2011012100210011 - 11?
2011012100210000
In base 10, what is -9484942 - -171?
-9484771
In base 12, what is -6b + -22b194?
-22b243
In base 2, what is 110110011100100110011101010 - -100?
110110011100100110011101110
In base 15, what is -589daa5 - -7?
-589da9d
In base 10, what is -94077 + -626?
-94703
In base 4, what is 0 + -20220310113?
-20220310113
In base 9, what is -34 - -324560?
324525
In base 11, what is -5 + 6731121?
6731117
In base 8, what is 12146543 - -242?
12147005
In base 5, what is -1010243 - 10233?
-1021031
In base 13, what is 1 - 1244639?
-1244638
In base 8, what is -123673 - -516?
-123155
In base 14, what is 110b851bd + -2?
110b851bb
In base 5, what is 1434 - 2002212?
-2000223
In base 8, what is -45160 + 413?
-44545
In base 9, what is -163 + 131287?
131124
In base 8, what is 270306201 + 2?
270306203
In base 6, what is 20345 - -542?
21331
In base 9, what is -72024483 - -8?
-72024474
In base 9, what is -3702150 + 24?
-3702125
In base 9, what is 0 - -22385523?
22385523
In base 14, what is 22c67 - 6d9?
2256c
In base 15, what is 3e5c7 - ad?
3e519
In base 12, what is -4b4 - 3553a?
-35a32
In base 4, what is 1032011212 - -12?
1032011230
In base 10, what is -10056 + 778?
-9278
In base 7, what is 665 - 52614?
-51616
In base 13, what is 16 + -1ab9903?
-1ab98ba
In base 12, what is 79b9 - 5?
79b4
In base 4, what is -2302312320302 + 3?
-2302312320233
In base 16, what is -2371e79 + 3?
-2371e76
In base 2, what is 10001000001111 - 1011000111111?
101111010000
In base 11, what is 3a + -79074a?
-790710
In base 12, what is -636ba0 - -2?
-636b9a
In base 2, what is -100001111011110000001 + 11010011?
-100001111011010101110
In base 2, what is 10010111000 - -1001011110110011?
1001110001101011
In base 11, what is 1 + -1287438?
-1287437
In base 16, what is a8 - 2fd?
-255
In base 9, what is 704504 - 3753?
700641
In base 10, what is -3 - -5240063?
5240060
In base 2, what is 10001111101011110100010110 - 11?
10001111101011110100010011
In base 8, what is 27 - -477442701?
477442730
In base 16, what is 516d7 + -20?
516b7
In base 11, what is 503 - 26895?
-26392
In base 2, what is 1 + 110001010001011010001?
110001010001011010010
In base 2, what is 1001100001010000011 + -10010000?
1001100000111110011
In base 6, what is 403 - -5002455?
5003302
In base 5, what is 234 + -103444?
-103210
In base 15, what is -14de - 307b?
-456a
In base 16, what is 1 - 2557d9?
-2557d8
In base 16, what is 24 + 7441c?
74440
In base 4, what is -1300122 - 10112011?
-12012133
In base 2, what is 110010 - -1000010011111111000001110?
1000010011111111001000000
In base 12, what is -56019a + -16?
-5601b4
In base 10, what is -2036 + 184987?
182951
In base 15, what is -4 + 6c6412?
6c640d
In base 6, what is 243132212 - 1?
243132211
In base 3, what is 2011112 - 222102112?
-220021000
In base 14, what is 29ca5 + -182?
29b23
In base 15, what is 3 + -6b4456?
-6b4453
In base 3, what is 1012102001101 - -20221?
1012102022022
In base 7, what is -33 - -6312234?
6312201
In base 11, what is -1a2 + -2900?
-2aa2
In base 8, what is 147436 + -411?
147025
In base 15, what is 291de7 - -14c?
292044
In base 4, what is 10 - 2020203221?
-2020203211
In base 16, what is e0 + 71bc5?
71ca5
In base 5, what is 2020114 - -12220?
2032334
In base 12, what is 146b4 - -7618?
20110
In base 12, what is -5824a + -388?
-58616
In base 4, what is -1022 - 21123122?
-21130210
In base 10, what is -9958 - 327?
-10285
In base 10, what is -139182 - -490?
-138692
In base 11, what is 31a09 - 351?
31668
In base 9, what is 17187 - -816?
18114
In base 14, what is -2b397 + 98a?
-2a80b
In base 16, what is 9 + -3e2f2e?
-3e2f25
In base 10, what is -21 - 1363252?
-1363273
In base 9, what is -425055660 + -4?
-425055664
In base 9, what is -73181845 + -5?
-73181851
In base 14, what is 110a - -1b87?
2c93
In base 15, what is ddabc + c1?
ddb8d
In base 5, what is 4 + -22302024322?
-22302024313
In base 8, what is 2003667 - -4?
2003673
In base 4, what is 300222300130031 + -2?
300222300130023
In base 12, what is -2a - -a40a?
a3a0
In base 10, what is -1946713 + -3?
-1946716
In base 13, what is 16 - -c61846?
c6185c
In base 15, what is -2221 - 114d7?
-13708
In base 10, what is 63519727 - -4?
63519731
In base 14, what is -7484480 + 1?
-748447d
In base 16, what is -216a9 - -41e?
-2128b
In base 3, what is 200 + -1201101220212?
-1201101220012
In base 15, what is c + -c54c7?
-c54ba
In base 6, what is -2445510 - 204?
-2450114
In base 6, what is -35 - -5255340?
5255301
In base 16, what is -194 - 31cf?
-3363
In base 11, what is -3 - -1933741?
1933739
In base 2, what is 100111101001011101 - 10010?
100111101001001011
In base 8, what is 1 + -222531374?
-222531373
In base 4, what is 22110 + 3331032302?
3331121012
In base 15, what is -13 + 4d86ac?
4d8699
In base 4, what is -2200323 + 22220?
-2112103
In base 4, what is -2 + 33311322230?
33311322222
In base 7, what is 130545 - 1116?
126426
In base 6, what is 1251340420 + 124?
1251340544
In base 6, what is -3443 + -10201?
-14044
In base 5, what is 120110 + -232?
114323
In base 14, what is 3 + 40bcc0?
40bcc3
In base 8, what is -2 - 17614560?
-17614562
In base 2, what is -100100100101100011110 - -100011?
-100100100101011111011
In base 14, what is 60dd824 + 3?
60dd827
In base 12, what is 25b48a88 - 0?
25b48a88
In base 16, what is 4 - -57b8f4?
57b8f8
In base 2, what is -111000111001011 - -111100100?
-110111111100111
In base 6, what is -25 + -45340510?
-45340535
In base 